{"id":39459,"date":"2025-05-15T18:16:55","date_gmt":"2025-05-15T16:16:55","guid":{"rendered":"https:\/\/www.axiomams.eu\/produktas\/ametek-127292-transportesanas-koferis-ar-riteniem"},"modified":"2026-03-25T17:02:23","modified_gmt":"2026-03-25T15:02:23","slug":"ametek-127292-transportesanas-koferis-ar-riteniem","status":"publish","type":"product","link":"https:\/\/www.axiomams.eu\/lv\/produktas\/ametek-127292-transportesanas-koferis-ar-riteniem","title":{"rendered":"Ametek 127292 &#8211; Transport\u0113\u0161anas koferis ar rite\u0146iem"},"content":{"rendered":"<p>Ciets koferis ar rati\u0146iem dro\u0161ai transport\u0113\u0161anai. Ar m\u016bsu \u012bpa\u0161i izstr\u0101d\u0101to koferi tagad ir iesp\u0113jams uzglab\u0101t standarta sensorus kofer\u012b ar optim\u0101lu fizisko aizsardz\u012bbu. Ar uzlabotu integr\u0113tu rati\u0146u sist\u0113mu \u0113rtai un dro\u0161ai transport\u0113\u0161anai.<\/p>\n","protected":false},"excerpt":{"rendered":"<p>Ciets koferis ar rati\u0146iem dro\u0161ai transport\u0113\u0161anai. Ar m\u016bsu \u012bpa\u0161i izstr\u0101d\u0101to koferi tagad ir iesp\u0113jams uzglab\u0101t standarta sensorus kofer\u012b ar optim\u0101lu fizisko aizsardz\u012bbu. Ar uzlabotu integr\u0113tu rati\u0146u sist\u0113mu \u0113rtai un dro\u0161ai transport\u0113\u0161anai.<\/p>\n","protected":false},"featured_media":43395,"comment_status":"open","ping_status":"closed","template":"","meta":{"_acf_changed":false},"product_brand":[1202],"product_cat":[],"product_tag":[],"class_list":{"0":"post-39459","1":"product","2":"type-product","3":"status-publish","4":"has-post-thumbnail","6":"product_brand-ametek","8":"first","9":"instock","10":"taxable","11":"shipping-taxable","12":"product-type-simple"},"acf":[],"yoast_head":"<!-- This site is optimized with the Yoast SEO plugin v27.0 - https:\/\/yoast.com\/product\/yoast-seo-wordpress\/ -->\n<title>Ametek 127292 - Transport\u0113\u0161anas koferis ar rite\u0146iem - AXIOMA MS<\/title>\n<meta name=\"robots\" content=\"index, follow, max-snippet:-1, max-image-preview:large, max-video-preview:-1\" \/>\n<link rel=\"canonical\" href=\"https:\/\/www.axiomams.eu\/lv\/produktas\/ametek-127292-transportesanas-koferis-ar-riteniem\" \/>\n<meta property=\"og:locale\" content=\"lv_LV\" \/>\n<meta property=\"og:type\" content=\"article\" \/>\n<meta property=\"og:title\" content=\"Ametek 127292 - Transport\u0113\u0161anas koferis ar rite\u0146iem - AXIOMA MS\" \/>\n<meta property=\"og:description\" content=\"Ciets koferis ar rati\u0146iem dro\u0161ai transport\u0113\u0161anai. Ar m\u016bsu \u012bpa\u0161i izstr\u0101d\u0101to koferi tagad ir iesp\u0113jams uzglab\u0101t standarta sensorus kofer\u012b ar optim\u0101lu fizisko aizsardz\u012bbu. Ar uzlabotu integr\u0113tu rati\u0146u sist\u0113mu \u0113rtai un dro\u0161ai transport\u0113\u0161anai.\" \/>\n<meta property=\"og:url\" content=\"https:\/\/www.axiomams.eu\/lv\/produktas\/ametek-127292-transportesanas-koferis-ar-riteniem\" \/>\n<meta property=\"og:site_name\" content=\"AXIOMA MS\" \/>\n<meta property=\"article:publisher\" content=\"https:\/\/www.facebook.com\/AxiomaMS\" \/>\n<meta property=\"article:modified_time\" content=\"2026-03-25T15:02:23+00:00\" \/>\n<meta name=\"twitter:card\" content=\"summary_large_image\" \/>\n<script type=\"application\/ld+json\" class=\"yoast-schema-graph\">{\"@context\":\"https:\/\/schema.org\",\"@graph\":[{\"@type\":\"WebPage\",\"@id\":\"https:\/\/www.axiomams.eu\/lv\/produktas\/ametek-127292-transportesanas-koferis-ar-riteniem\",\"url\":\"https:\/\/www.axiomams.eu\/lv\/produktas\/ametek-127292-transportesanas-koferis-ar-riteniem\",\"name\":\"Ametek 127292 - Transport\u0113\u0161anas koferis ar rite\u0146iem - AXIOMA MS\",\"isPartOf\":{\"@id\":\"https:\/\/www.axiomams.eu\/lv#website\"},\"primaryImageOfPage\":{\"@id\":\"https:\/\/www.axiomams.eu\/lv\/produktas\/ametek-127292-transportesanas-koferis-ar-riteniem#primaryimage\"},\"image\":{\"@id\":\"https:\/\/www.axiomams.eu\/lv\/produktas\/ametek-127292-transportesanas-koferis-ar-riteniem#primaryimage\"},\"thumbnailUrl\":\"https:\/\/www.axiomams.eu\/wp-content\/uploads\/2025\/07\/1392-1778.bmp\",\"datePublished\":\"2025-05-15T16:16:55+00:00\",\"dateModified\":\"2026-03-25T15:02:23+00:00\",\"breadcrumb\":{\"@id\":\"https:\/\/www.axiomams.eu\/lv\/produktas\/ametek-127292-transportesanas-koferis-ar-riteniem#breadcrumb\"},\"inLanguage\":\"lv-LV\",\"potentialAction\":[{\"@type\":\"ReadAction\",\"target\":[\"https:\/\/www.axiomams.eu\/lv\/produktas\/ametek-127292-transportesanas-koferis-ar-riteniem\"]}]},{\"@type\":\"ImageObject\",\"inLanguage\":\"lv-LV\",\"@id\":\"https:\/\/www.axiomams.eu\/lv\/produktas\/ametek-127292-transportesanas-koferis-ar-riteniem#primaryimage\",\"url\":\"https:\/\/www.axiomams.eu\/wp-content\/uploads\/2025\/07\/1392-1778.bmp\",\"contentUrl\":\"https:\/\/www.axiomams.eu\/wp-content\/uploads\/2025\/07\/1392-1778.bmp\",\"width\":139,\"height\":144},{\"@type\":\"BreadcrumbList\",\"@id\":\"https:\/\/www.axiomams.eu\/lv\/produktas\/ametek-127292-transportesanas-koferis-ar-riteniem#breadcrumb\",\"itemListElement\":[{\"@type\":\"ListItem\",\"position\":1,\"name\":\"Home\",\"item\":\"https:\/\/www.axiomams.eu\/lv\"},{\"@type\":\"ListItem\",\"position\":2,\"name\":\"Produkti\",\"item\":\"https:\/\/www.axiomams.eu\/lv\/produkti\"},{\"@type\":\"ListItem\",\"position\":3,\"name\":\"Ametek 127292 &#8211; Transport\u0113\u0161anas koferis ar rite\u0146iem\"}]},{\"@type\":\"WebSite\",\"@id\":\"https:\/\/www.axiomams.eu\/lv#website\",\"url\":\"https:\/\/www.axiomams.eu\/lv\",\"name\":\"AXIOMA MS\",\"description\":\"Terrmovizoriai ir matavimo \u012franga\",\"publisher\":{\"@id\":\"https:\/\/www.axiomams.eu\/lv#organization\"},\"potentialAction\":[{\"@type\":\"SearchAction\",\"target\":{\"@type\":\"EntryPoint\",\"urlTemplate\":\"https:\/\/www.axiomams.eu\/lv?s={search_term_string}\"},\"query-input\":{\"@type\":\"PropertyValueSpecification\",\"valueRequired\":true,\"valueName\":\"search_term_string\"}}],\"inLanguage\":\"lv-LV\"},{\"@type\":\"Organization\",\"@id\":\"https:\/\/www.axiomams.eu\/lv#organization\",\"name\":\"AXIOMA MS\",\"url\":\"https:\/\/www.axiomams.eu\/lv\",\"logo\":{\"@type\":\"ImageObject\",\"inLanguage\":\"lv-LV\",\"@id\":\"https:\/\/www.axiomams.eu\/lv#\/schema\/logo\/image\/\",\"url\":\"https:\/\/www.axiomams.eu\/wp-content\/uploads\/2025\/06\/axioma-logo-2.png\",\"contentUrl\":\"https:\/\/www.axiomams.eu\/wp-content\/uploads\/2025\/06\/axioma-logo-2.png\",\"width\":1200,\"height\":1200,\"caption\":\"AXIOMA MS\"},\"image\":{\"@id\":\"https:\/\/www.axiomams.eu\/lv#\/schema\/logo\/image\/\"},\"sameAs\":[\"https:\/\/www.facebook.com\/AxiomaMS\",\"https:\/\/www.linkedin.com\/company\/axiomams\/\"]}]}<\/script>\n<!-- \/ Yoast SEO plugin. -->","yoast_head_json":{"title":"Ametek 127292 - Transport\u0113\u0161anas koferis ar rite\u0146iem - AXIOMA MS","robots":{"index":"index","follow":"follow","max-snippet":"max-snippet:-1","max-image-preview":"max-image-preview:large","max-video-preview":"max-video-preview:-1"},"canonical":"https:\/\/www.axiomams.eu\/lv\/produktas\/ametek-127292-transportesanas-koferis-ar-riteniem","og_locale":"lv_LV","og_type":"article","og_title":"Ametek 127292 - Transport\u0113\u0161anas koferis ar rite\u0146iem - AXIOMA MS","og_description":"Ciets koferis ar rati\u0146iem dro\u0161ai transport\u0113\u0161anai. Ar m\u016bsu \u012bpa\u0161i izstr\u0101d\u0101to koferi tagad ir iesp\u0113jams uzglab\u0101t standarta sensorus kofer\u012b ar optim\u0101lu fizisko aizsardz\u012bbu. Ar uzlabotu integr\u0113tu rati\u0146u sist\u0113mu \u0113rtai un dro\u0161ai transport\u0113\u0161anai.","og_url":"https:\/\/www.axiomams.eu\/lv\/produktas\/ametek-127292-transportesanas-koferis-ar-riteniem","og_site_name":"AXIOMA MS","article_publisher":"https:\/\/www.facebook.com\/AxiomaMS","article_modified_time":"2026-03-25T15:02:23+00:00","twitter_card":"summary_large_image","schema":{"@context":"https:\/\/schema.org","@graph":[{"@type":"WebPage","@id":"https:\/\/www.axiomams.eu\/lv\/produktas\/ametek-127292-transportesanas-koferis-ar-riteniem","url":"https:\/\/www.axiomams.eu\/lv\/produktas\/ametek-127292-transportesanas-koferis-ar-riteniem","name":"Ametek 127292 - Transport\u0113\u0161anas koferis ar rite\u0146iem - AXIOMA MS","isPartOf":{"@id":"https:\/\/www.axiomams.eu\/lv#website"},"primaryImageOfPage":{"@id":"https:\/\/www.axiomams.eu\/lv\/produktas\/ametek-127292-transportesanas-koferis-ar-riteniem#primaryimage"},"image":{"@id":"https:\/\/www.axiomams.eu\/lv\/produktas\/ametek-127292-transportesanas-koferis-ar-riteniem#primaryimage"},"thumbnailUrl":"https:\/\/www.axiomams.eu\/wp-content\/uploads\/2025\/07\/1392-1778.bmp","datePublished":"2025-05-15T16:16:55+00:00","dateModified":"2026-03-25T15:02:23+00:00","breadcrumb":{"@id":"https:\/\/www.axiomams.eu\/lv\/produktas\/ametek-127292-transportesanas-koferis-ar-riteniem#breadcrumb"},"inLanguage":"lv-LV","potentialAction":[{"@type":"ReadAction","target":["https:\/\/www.axiomams.eu\/lv\/produktas\/ametek-127292-transportesanas-koferis-ar-riteniem"]}]},{"@type":"ImageObject","inLanguage":"lv-LV","@id":"https:\/\/www.axiomams.eu\/lv\/produktas\/ametek-127292-transportesanas-koferis-ar-riteniem#primaryimage","url":"https:\/\/www.axiomams.eu\/wp-content\/uploads\/2025\/07\/1392-1778.bmp","contentUrl":"https:\/\/www.axiomams.eu\/wp-content\/uploads\/2025\/07\/1392-1778.bmp","width":139,"height":144},{"@type":"BreadcrumbList","@id":"https:\/\/www.axiomams.eu\/lv\/produktas\/ametek-127292-transportesanas-koferis-ar-riteniem#breadcrumb","itemListElement":[{"@type":"ListItem","position":1,"name":"Home","item":"https:\/\/www.axiomams.eu\/lv"},{"@type":"ListItem","position":2,"name":"Produkti","item":"https:\/\/www.axiomams.eu\/lv\/produkti"},{"@type":"ListItem","position":3,"name":"Ametek 127292 &#8211; Transport\u0113\u0161anas koferis ar rite\u0146iem"}]},{"@type":"WebSite","@id":"https:\/\/www.axiomams.eu\/lv#website","url":"https:\/\/www.axiomams.eu\/lv","name":"AXIOMA MS","description":"Terrmovizoriai ir matavimo \u012franga","publisher":{"@id":"https:\/\/www.axiomams.eu\/lv#organization"},"potentialAction":[{"@type":"SearchAction","target":{"@type":"EntryPoint","urlTemplate":"https:\/\/www.axiomams.eu\/lv?s={search_term_string}"},"query-input":{"@type":"PropertyValueSpecification","valueRequired":true,"valueName":"search_term_string"}}],"inLanguage":"lv-LV"},{"@type":"Organization","@id":"https:\/\/www.axiomams.eu\/lv#organization","name":"AXIOMA MS","url":"https:\/\/www.axiomams.eu\/lv","logo":{"@type":"ImageObject","inLanguage":"lv-LV","@id":"https:\/\/www.axiomams.eu\/lv#\/schema\/logo\/image\/","url":"https:\/\/www.axiomams.eu\/wp-content\/uploads\/2025\/06\/axioma-logo-2.png","contentUrl":"https:\/\/www.axiomams.eu\/wp-content\/uploads\/2025\/06\/axioma-logo-2.png","width":1200,"height":1200,"caption":"AXIOMA MS"},"image":{"@id":"https:\/\/www.axiomams.eu\/lv#\/schema\/logo\/image\/"},"sameAs":["https:\/\/www.facebook.com\/AxiomaMS","https:\/\/www.linkedin.com\/company\/axiomams\/"]}]}},"_links":{"self":[{"href":"https:\/\/www.axiomams.eu\/lv\/wp-json\/wp\/v2\/product\/39459","targetHints":{"allow":["GET"]}}],"collection":[{"href":"https:\/\/www.axiomams.eu\/lv\/wp-json\/wp\/v2\/product"}],"about":[{"href":"https:\/\/www.axiomams.eu\/lv\/wp-json\/wp\/v2\/types\/product"}],"replies":[{"embeddable":true,"href":"https:\/\/www.axiomams.eu\/lv\/wp-json\/wp\/v2\/comments?post=39459"}],"wp:featuredmedia":[{"embeddable":true,"href":"https:\/\/www.axiomams.eu\/lv\/wp-json\/wp\/v2\/media\/43395"}],"wp:attachment":[{"href":"https:\/\/www.axiomams.eu\/lv\/wp-json\/wp\/v2\/media?parent=39459"}],"wp:term":[{"taxonomy":"product_brand","embeddable":true,"href":"https:\/\/www.axiomams.eu\/lv\/wp-json\/wp\/v2\/product_brand?post=39459"},{"taxonomy":"product_cat","embeddable":true,"href":"https:\/\/www.axiomams.eu\/lv\/wp-json\/wp\/v2\/product_cat?post=39459"},{"taxonomy":"product_tag","embeddable":true,"href":"https:\/\/www.axiomams.eu\/lv\/wp-json\/wp\/v2\/product_tag?post=39459"}],"curies":[{"name":"wp","href":"https:\/\/api.w.org\/{rel}","templated":true}]}}

Ametek 127292 &#8211; Transportēšanas koferis ar riteņiem

<p>Ciets koferis ar ratiņiem drošai transportēšanai. Ar mūsu īpaši izstrādāto koferi tagad ir iespējams uzglabāt standarta sensorus koferī ar optimālu fizisko aizsardzību. Ar uzlabotu integrētu ratiņu sistēmu ērtai un drošai transportēšanai.</p>

<!-- This site is optimized with the Yoast SEO plugin v27.0 - https://yoast.com/product/yoast-seo-wordpress/ -->
<title>Ametek 127292 - Transportēšanas koferis ar riteņiem - AXIOMA MS</title>
<meta name="robots" content="index, follow, max-snippet:-1, max-image-preview:large, max-video-preview:-1" />
<link rel="canonical" href="https://www.axiomams.eu/lv/produktas/ametek-127292-transportesanas-koferis-ar-riteniem" />
<meta property="og:locale" content="lv_LV" />
<meta property="og:type" content="article" />
<meta property="og:title" content="Ametek 127292 - Transportēšanas koferis ar riteņiem - AXIOMA MS" />
<meta property="og:description" content="Ciets koferis ar ratiņiem drošai transportēšanai. Ar mūsu īpaši izstrādāto koferi tagad ir iespējams uzglabāt standarta sensorus koferī ar optimālu fizisko aizsardzību. Ar uzlabotu integrētu ratiņu sistēmu ērtai un drošai transportēšanai." />
<meta property="og:url" content="https://www.axiomams.eu/lv/produktas/ametek-127292-transportesanas-koferis-ar-riteniem" />
<meta property="og:site_name" content="AXIOMA MS" />
<meta property="article:publisher" content="https://www.facebook.com/AxiomaMS" />
<meta property="article:modified_time" content="2026-03-25T15:02:23+00:00" />
<meta name="twitter:card" content="summary_large_image" />
<script type="application/ld+json" class="yoast-schema-graph">{"@context":"https://schema.org","@graph":[{"@type":"WebPage","@id":"https://www.axiomams.eu/lv/produktas/ametek-127292-transportesanas-koferis-ar-riteniem","url":"https://www.axiomams.eu/lv/produktas/ametek-127292-transportesanas-koferis-ar-riteniem","name":"Ametek 127292 - Transportēšanas koferis ar riteņiem - AXIOMA MS","isPartOf":{"@id":"https://www.axiomams.eu/lv#website"},"primaryImageOfPage":{"@id":"https://www.axiomams.eu/lv/produktas/ametek-127292-transportesanas-koferis-ar-riteniem#primaryimage"},"image":{"@id":"https://www.axiomams.eu/lv/produktas/ametek-127292-transportesanas-koferis-ar-riteniem#primaryimage"},"thumbnailUrl":"https://www.axiomams.eu/wp-content/uploads/2025/07/1392-1778.bmp","datePublished":"2025-05-15T16:16:55+00:00","dateModified":"2026-03-25T15:02:23+00:00","breadcrumb":{"@id":"https://www.axiomams.eu/lv/produktas/ametek-127292-transportesanas-koferis-ar-riteniem#breadcrumb"},"inLanguage":"lv-LV","potentialAction":[{"@type":"ReadAction","target":["https://www.axiomams.eu/lv/produktas/ametek-127292-transportesanas-koferis-ar-riteniem"]}]},{"@type":"ImageObject","inLanguage":"lv-LV","@id":"https://www.axiomams.eu/lv/produktas/ametek-127292-transportesanas-koferis-ar-riteniem#primaryimage","url":"https://www.axiomams.eu/wp-content/uploads/2025/07/1392-1778.bmp","contentUrl":"https://www.axiomams.eu/wp-content/uploads/2025/07/1392-1778.bmp","width":139,"height":144},{"@type":"BreadcrumbList","@id":"https://www.axiomams.eu/lv/produktas/ametek-127292-transportesanas-koferis-ar-riteniem#breadcrumb","itemListElement":[{"@type":"ListItem","position":1,"name":"Home","item":"https://www.axiomams.eu/lv"},{"@type":"ListItem","position":2,"name":"Produkti","item":"https://www.axiomams.eu/lv/produkti"},{"@type":"ListItem","position":3,"name":"Ametek 127292 &#8211; Transportēšanas koferis ar riteņiem"}]},{"@type":"WebSite","@id":"https://www.axiomams.eu/lv#website","url":"https://www.axiomams.eu/lv","name":"AXIOMA MS","description":"Terrmovizoriai ir matavimo įranga","publisher":{"@id":"https://www.axiomams.eu/lv#organization"},"potentialAction":[{"@type":"SearchAction","target":{"@type":"EntryPoint","urlTemplate":"https://www.axiomams.eu/lv?s={search_term_string}"},"query-input":{"@type":"PropertyValueSpecification","valueRequired":true,"valueName":"search_term_string"}}],"inLanguage":"lv-LV"},{"@type":"Organization","@id":"https://www.axiomams.eu/lv#organization","name":"AXIOMA MS","url":"https://www.axiomams.eu/lv","logo":{"@type":"ImageObject","inLanguage":"lv-LV","@id":"https://www.axiomams.eu/lv#/schema/logo/image/","url":"https://www.axiomams.eu/wp-content/uploads/2025/06/axioma-logo-2.png","contentUrl":"https://www.axiomams.eu/wp-content/uploads/2025/06/axioma-logo-2.png","width":1200,"height":1200,"caption":"AXIOMA MS"},"image":{"@id":"https://www.axiomams.eu/lv#/schema/logo/image/"},"sameAs":["https://www.facebook.com/AxiomaMS","https://www.linkedin.com/company/axiomams/"]}]}</script>
<!-- / Yoast SEO plugin. -->

Ametek 127292 - Transportēšanas koferis ar riteņiem - AXIOMA MS

Ciets koferis ar ratiņiem drošai transportēšanai. Ar mūsu īpaši izstrādāto koferi tagad ir iespējams uzglabāt standarta sensorus koferī ar optimālu fizisko aizsardzību. Ar uzlabotu integrētu ratiņu sistēmu ērtai un drošai transportēšanai.

Terrmovizoriai ir matavimo įranga
